{"id":3601,"date":"2024-11-29T10:55:09","date_gmt":"2024-11-29T09:55:09","guid":{"rendered":"https:\/\/diddelenghelleft.lu\/?page_id=3601"},"modified":"2024-11-29T12:09:53","modified_gmt":"2024-11-29T11:09:53","slug":"projets-2022","status":"publish","type":"page","link":"https:\/\/diddelenghelleft.lu\/index.php\/projets-2022\/","title":{"rendered":"Projets 2022"},"content":{"rendered":"\t\t<div data-elementor-type=\"wp-page\" data-elementor-id=\"3601\" class=\"elementor elementor-3601\">\n\t\t\t\t<div class=\"elementor-element elementor-element-6bf51a2 e-flex e-con-boxed elementor-invisible e-con e-parent\" data-id=\"6bf51a2\" data-element_type=\"container\" data-settings=\"{&quot;animation&quot;:&quot;fadeIn&quot;}\">\n\t\t\t\t\t<div class=\"e-con-inner\">\n\t\t\t\t<div class=\"elementor-element elementor-element-e122abc elementor-widget elementor-widget-heading\" data-id=\"e122abc\" data-element_type=\"widget\" data-widget_type=\"heading.default\">\n\t\t\t\t<div class=\"elementor-widget-container\">\n\t\t\t\t\t<h2 class=\"elementor-heading-title elementor-size-default\">Projets 2022<\/h2>\t\t\t\t<\/div>\n\t\t\t\t<\/div>\n\t\t\t\t<div class=\"elementor-element elementor-element-3596f0d elementor-widget elementor-widget-text-editor\" data-id=\"3596f0d\" data-element_type=\"widget\" data-widget_type=\"text-editor.default\">\n\t\t\t\t<div class=\"elementor-widget-container\">\n\t\t\t\t\t\t\t\t\t<p>Pour en savoir plus sur les projets soutenus par DH en 2022, veuillez consultez notre <strong><span class=\" link\"><a href=\"https:\/\/diddelenghelleft.lu\/wp-content\/uploads\/2024\/11\/brochure-projets-DH-2022.pdf\">brochure 2022<\/a>.<\/span><\/strong><\/p>\t\t\t\t\t\t\t\t<\/div>\n\t\t\t\t<\/div>\n\t\t\t\t\t<\/div>\n\t\t\t\t<\/div>\n\t\t<div class=\"elementor-element elementor-element-7a21aaf e-flex e-con-boxed elementor-invisible e-con e-parent\" data-id=\"7a21aaf\" data-element_type=\"container\" data-settings=\"{&quot;animation&quot;:&quot;fadeIn&quot;}\">\n\t\t\t\t\t<div class=\"e-con-inner\">\n\t\t\t\t<div class=\"elementor-element elementor-element-c4fc2cc elementor-widget elementor-widget-Table\" data-id=\"c4fc2cc\" data-element_type=\"widget\" data-widget_type=\"Table.default\">\n\t\t\t\t<div class=\"elementor-widget-container\">\n\t\t\t\t\t\t\t<table class=\"tafe-table \">\n\t\t\t<thead  class=\"tafe-table-header\">\n\t\t\t\t<tr>\n\t\t\t\t\t<th class=\"elementor-inline-editing elementor-repeater-item-9a36cab\"   >Projets Phares 2022 :<\/th><th class=\"elementor-inline-editing elementor-repeater-item-8f255e5\"   >Pays B\u00e9n\u00e9ficiaires :<\/th><th class=\"elementor-inline-editing elementor-repeater-item-6e14383\"   >Part DH :<\/th>\t\t\t\t<\/tr>\n\t\t\t<\/thead>\n\t\t\t\t\t\t<tbody class=\"tafe-table-body\">\n\t\t\t\t<tr>\n\t\t\t\t\t<\/tr><tr><td data-label=\"Projets Phares 2022 :\"   class=\"elementor-repeater-item-7516f74 td-content-type-default\" >ANKAA<\/td><td data-label=\"Pays B\u00e9n\u00e9ficiaires :\"   class=\"elementor-repeater-item-a17e5a7 td-content-type-default\" >Gr\u00e8ce<\/td><td data-label=\"Part DH :\"   class=\"elementor-repeater-item-5b07d51 td-content-type-default\" >10 000,00 \u20ac<\/td><\/tr><tr><td data-label=\"Projets Phares 2022 :\"   class=\"elementor-repeater-item-d4dbb56 td-content-type-default\" >ECPAT<\/td><td data-label=\"Pays B\u00e9n\u00e9ficiaires :\"   class=\"elementor-repeater-item-12aa498 td-content-type-default\" >N\u00e9pal<\/td><td data-label=\"Part DH :\"   class=\"elementor-repeater-item-174da58 td-content-type-default\" >5 000,00 \u20ac<\/td><\/tr><tr><td data-label=\"Projets Phares 2022 :\"   class=\"elementor-repeater-item-0ee7680 td-content-type-default\" >PADEM<\/td><td data-label=\"Pays B\u00e9n\u00e9ficiaires :\"   class=\"elementor-repeater-item-304abb7 td-content-type-default\" >S\u00e9n\u00e9gal<\/td><td data-label=\"Part DH :\"   class=\"elementor-repeater-item-e51cee6 td-content-type-default\" >5 000,00 \u20ac<\/td><\/tr><tr><td data-label=\"Projets Phares 2022 :\"   class=\"elementor-repeater-item-87e84b2 td-content-type-default\" >Aide \u00e0 l\u2019enfance de l\u2019Inde et N\u00e9pal<\/td><td data-label=\"Pays B\u00e9n\u00e9ficiaires :\"   class=\"elementor-repeater-item-e50dc5b td-content-type-default\" >Inde<\/td><td data-label=\"Part DH :\"   class=\"elementor-repeater-item-0341bc0 td-content-type-default\" >6 000,00 \u20ac<\/td><\/tr><tr><td data-label=\"Projets Phares 2022 :\"   class=\"elementor-repeater-item-305e0ca td-content-type-default\" >ASTM<\/td><td data-label=\"Pays B\u00e9n\u00e9ficiaires :\"   class=\"elementor-repeater-item-9c61bc5 td-content-type-default\" >Guatemala<\/td><td data-label=\"Part DH :\"   class=\"elementor-repeater-item-8ba6ac4 td-content-type-default\" >5 000,00 \u20ac<\/td><\/tr><tr><td data-label=\"Projets Phares 2022 :\" colSpan=\"2\"  class=\"elementor-repeater-item-bef33a8 td-content-type-default\" >Total projets phares pour 2022<\/td><td data-label=\"Part DH :\"   class=\"elementor-repeater-item-221f522 td-content-type-default\" >31 000,00 \u20ac<\/td>\t\t\t\t<\/tr>\n\t\t\t<\/tbody>\n\t\t<\/table>\n\t\t\n\t\t\t\t\t\t<\/div>\n\t\t\t\t<\/div>\n\t\t\t\t\t<\/div>\n\t\t\t\t<\/div>\n\t\t<div class=\"elementor-element elementor-element-2ff2f0a e-flex e-con-boxed elementor-invisible e-con e-parent\" data-id=\"2ff2f0a\" data-element_type=\"container\" data-settings=\"{&quot;animation&quot;:&quot;fadeIn&quot;,&quot;background_background&quot;:&quot;classic&quot;}\">\n\t\t\t\t\t<div class=\"e-con-inner\">\n\t\t\t\t<div class=\"elementor-element elementor-element-dd14d70 elementor-widget elementor-widget-Table\" data-id=\"dd14d70\" data-element_type=\"widget\" data-widget_type=\"Table.default\">\n\t\t\t\t<div class=\"elementor-widget-container\">\n\t\t\t\t\t\t\t<table class=\"tafe-table \">\n\t\t\t<thead  class=\"tafe-table-header\">\n\t\t\t\t<tr>\n\t\t\t\t\t<th class=\"elementor-inline-editing elementor-repeater-item-9a36cab\"   >Aide Financi\u00e8res 2022 :<\/th><th class=\"elementor-inline-editing elementor-repeater-item-8f255e5\"   >Pays B\u00e9n\u00e9ficiaires :<\/th><th class=\"elementor-inline-editing elementor-repeater-item-6e14383\"   >Part DH :<\/th>\t\t\t\t<\/tr>\n\t\t\t<\/thead>\n\t\t\t\t\t\t<tbody class=\"tafe-table-body\">\n\t\t\t\t<tr>\n\t\t\t\t\t<\/tr><tr><td data-label=\"Aide Financi\u00e8res 2022 :\"   class=\"elementor-repeater-item-64f250e td-content-type-default\" >Action pour un Monde Uni<\/td><td data-label=\"Pays B\u00e9n\u00e9ficiaires :\"   class=\"elementor-repeater-item-8a4bb0c td-content-type-default\" >Argentine &amp; Bolivie<\/td><td data-label=\"Part DH :\"   class=\"elementor-repeater-item-19144e4 td-content-type-default\" >2 000,00 \u20ac<\/td><\/tr><tr><td data-label=\"Aide Financi\u00e8res 2022 :\"   class=\"elementor-repeater-item-7516f74 td-content-type-default\" >Amiti\u00e9 am Sand-Amizero<\/td><td data-label=\"Pays B\u00e9n\u00e9ficiaires :\"   class=\"elementor-repeater-item-a17e5a7 td-content-type-default\" >Rwandaa<\/td><td data-label=\"Part DH :\"   class=\"elementor-repeater-item-5b07d51 td-content-type-default\" >1 500,00 \u20ac<\/td><\/tr><tr><td data-label=\"Aide Financi\u00e8res 2022 :\"   class=\"elementor-repeater-item-d4dbb56 td-content-type-default\" >Iles de Paix Luxembourg<\/td><td data-label=\"Pays B\u00e9n\u00e9ficiaires :\"   class=\"elementor-repeater-item-12aa498 td-content-type-default\" >Ouganda<\/td><td data-label=\"Part DH :\"   class=\"elementor-repeater-item-60934f4 td-content-type-default\" >2 000,00 \u20ac<\/td><\/tr><tr><td data-label=\"Aide Financi\u00e8res 2022 :\"   class=\"elementor-repeater-item-3286668 td-content-type-default\" >Fondation Partage Luxembourg<\/td><td data-label=\"Pays B\u00e9n\u00e9ficiaires :\"   class=\"elementor-repeater-item-e757f76 td-content-type-default\" >Guatemala<\/td><td data-label=\"Part DH :\"   class=\"elementor-repeater-item-174da58 td-content-type-default\" >3 000,00 \u20ac<\/td><\/tr><tr><td data-label=\"Aide Financi\u00e8res 2022 :\"   class=\"elementor-repeater-item-77909f3 td-content-type-default\" >Comit\u00e9 Paix Juste Proche-Orient <\/td><td data-label=\"Pays B\u00e9n\u00e9ficiaires :\"   class=\"elementor-repeater-item-bef4e42 td-content-type-default\" >Palestine<\/td><td data-label=\"Part DH :\"   class=\"elementor-repeater-item-76846a4 td-content-type-default\" >1 500,00 \u20ac<\/td><\/tr><tr><td data-label=\"Aide Financi\u00e8res 2022 :\"   class=\"elementor-repeater-item-c999920 td-content-type-default\" >Fondation Dr Elvire Engel<\/td><td data-label=\"Pays B\u00e9n\u00e9ficiaires :\"   class=\"elementor-repeater-item-9ab98e4 td-content-type-default\" >Burkina Faso<\/td><td data-label=\"Part DH :\"   class=\"elementor-repeater-item-768edce td-content-type-default\" >1 000,00 \u20ac<\/td><\/tr><tr><td data-label=\"Aide Financi\u00e8res 2022 :\"   class=\"elementor-repeater-item-bb674e9 td-content-type-default\" >FRIENDSHIP LUXEMBOURG ASBL <\/td><td data-label=\"Pays B\u00e9n\u00e9ficiaires :\"   class=\"elementor-repeater-item-36890e6 td-content-type-default\" >Bangladesh<\/td><td data-label=\"Part DH :\"   class=\"elementor-repeater-item-3047d0e td-content-type-default\" >2 000,00 \u20ac<\/td><\/tr><tr><td data-label=\"Aide Financi\u00e8res 2022 :\"   class=\"elementor-repeater-item-7b1744f td-content-type-default\" >NINOS DE LA TIERRA asbl<\/td><td data-label=\"Pays B\u00e9n\u00e9ficiaires :\"   class=\"elementor-repeater-item-320a4af td-content-type-default\" >Bolivie<\/td><td data-label=\"Part DH :\"   class=\"elementor-repeater-item-e1aaa35 td-content-type-default\" >1 500,00 \u20ac<\/td><\/tr><tr><td data-label=\"Aide Financi\u00e8res 2022 :\"   class=\"elementor-repeater-item-feeff45 td-content-type-default\" >ONGD-FNEL<\/td><td data-label=\"Pays B\u00e9n\u00e9ficiaires :\"   class=\"elementor-repeater-item-28de7e6 td-content-type-default\" >N\u00e9pal<\/td><td data-label=\"Part DH :\"   class=\"elementor-repeater-item-3adf35d td-content-type-default\" >1 000,00 \u20ac<\/td><\/tr><tr><td data-label=\"Aide Financi\u00e8res 2022 :\"   class=\"elementor-repeater-item-d9ac844 td-content-type-default\" >Nouvelle PNP asbl<\/td><td data-label=\"Pays B\u00e9n\u00e9ficiaires :\"   class=\"elementor-repeater-item-6d6c5c1 td-content-type-default\" >P\u00e9rou<\/td><td data-label=\"Part DH :\"   class=\"elementor-repeater-item-d3b84cc td-content-type-default\" >1 000,00 \u20ac<\/td><\/tr><tr><td data-label=\"Aide Financi\u00e8res 2022 :\"   class=\"elementor-repeater-item-ed3aa0a td-content-type-default\" >SOS Faim<\/td><td data-label=\"Pays B\u00e9n\u00e9ficiaires :\"   class=\"elementor-repeater-item-3887c20 td-content-type-default\" >B\u00e9nin<\/td><td data-label=\"Part DH :\"   class=\"elementor-repeater-item-bc6470d td-content-type-default\" >1 000,00 \u20ac<\/td><\/tr><tr><td data-label=\"Aide Financi\u00e8res 2022 :\"   class=\"elementor-repeater-item-39a5177 td-content-type-default\" >ONGD Guiden a Scouten fir ENG Welt<\/td><td data-label=\"Pays B\u00e9n\u00e9ficiaires :\"   class=\"elementor-repeater-item-009ac90 td-content-type-default\" >S\u00e9n\u00e9gal<\/td><td data-label=\"Part DH :\"   class=\"elementor-repeater-item-fa83ab8 td-content-type-default\" >1 000,00 \u20ac<\/td><\/tr><tr><td data-label=\"Aide Financi\u00e8res 2022 :\"   class=\"elementor-repeater-item-f362401 td-content-type-default\" >Fr\u00e9ndeskrees Kamerun asbl<\/td><td data-label=\"Pays B\u00e9n\u00e9ficiaires :\"   class=\"elementor-repeater-item-f2fdc7f td-content-type-default\" >Cameroun<\/td><td data-label=\"Part DH :\"   class=\"elementor-repeater-item-82204d0 td-content-type-default\" >1 500,00 \u20ac<\/td><\/tr><tr><td data-label=\"Aide Financi\u00e8res 2022 :\"   class=\"elementor-repeater-item-844925e td-content-type-default\" >Coop\u00e9ration Nord-Sud a.s.b.l<\/td><td data-label=\"Pays B\u00e9n\u00e9ficiaires :\"   class=\"elementor-repeater-item-45effab td-content-type-default\" >Ouganda<\/td><td data-label=\"Part DH :\"   class=\"elementor-repeater-item-ae167cd td-content-type-default\" >1 000,00 \u20ac<\/td><\/tr><tr><td data-label=\"Aide Financi\u00e8res 2022 :\"   class=\"elementor-repeater-item-aaee2e8 td-content-type-default\" >Handicap International Luxembourg<\/td><td data-label=\"Pays B\u00e9n\u00e9ficiaires :\"   class=\"elementor-repeater-item-afcbc95 td-content-type-default\" >Burkina Faso <\/td><td data-label=\"Part DH :\"   class=\"elementor-repeater-item-bdf0037 td-content-type-default\" >1 500,00 \u20ac<\/td><\/tr><tr><td data-label=\"Aide Financi\u00e8res 2022 :\"   class=\"elementor-repeater-item-a50bb96 td-content-type-default\" >Kindernothilfe Luxemburg<\/td><td data-label=\"Pays B\u00e9n\u00e9ficiaires :\"   class=\"elementor-repeater-item-f203cfd td-content-type-default\" >Malawi<\/td><td data-label=\"Part DH :\"   class=\"elementor-repeater-item-04afe02 td-content-type-default\" >1 000,00 \u20ac<\/td><\/tr><tr><td data-label=\"Aide Financi\u00e8res 2022 :\"   class=\"elementor-repeater-item-fdbe31e td-content-type-default\" >Unity Foundation <\/td><td data-label=\"Pays B\u00e9n\u00e9ficiaires :\"   class=\"elementor-repeater-item-6529595 td-content-type-default\" >Malawi<\/td><td data-label=\"Part DH :\"   class=\"elementor-repeater-item-becf27d td-content-type-default\" >1 500,00 \u20ac<\/td><\/tr><tr><td data-label=\"Aide Financi\u00e8res 2022 :\"   class=\"elementor-repeater-item-d9ae10e td-content-type-default\" >Pharmaciens sans fronti\u00e8res <\/td><td data-label=\"Pays B\u00e9n\u00e9ficiaires :\"   class=\"elementor-repeater-item-eb8f7d5 td-content-type-default\" >B\u00e9nin <\/td><td data-label=\"Part DH :\"   class=\"elementor-repeater-item-cabc324 td-content-type-default\" >1 000,00 \u20ac<\/td><\/tr><tr><td data-label=\"Aide Financi\u00e8res 2022 :\" colSpan=\"2\"  class=\"elementor-repeater-item-bef33a8 td-content-type-default\" >Total subsides pour 2022<\/td><td data-label=\"Part DH :\"   class=\"elementor-repeater-item-221f522 td-content-type-default\" >26 000,00 \u20ac<\/td>\t\t\t\t<\/tr>\n\t\t\t<\/tbody>\n\t\t<\/table>\n\t\t\n\t\t\t\t\t\t<\/div>\n\t\t\t\t<\/div>\n\t\t\t\t\t<\/div>\n\t\t\t\t<\/div>\n\t\t<div class=\"elementor-element elementor-element-e7ee9f3 e-grid e-con-boxed elementor-invisible e-con e-parent\" data-id=\"e7ee9f3\" data-element_type=\"container\" data-settings=\"{&quot;animation&quot;:&quot;fadeIn&quot;}\">\n\t\t\t\t\t<div class=\"e-con-inner\">\n\t\t\t\t<div class=\"elementor-element elementor-element-b833139 elementor-widget elementor-widget-text-editor\" data-id=\"b833139\" data-element_type=\"widget\" data-widget_type=\"text-editor.default\">\n\t\t\t\t<div class=\"elementor-widget-container\">\n\t\t\t\t\t\t\t\t\t<p><strong>GRAND TOTAL 2022 :<\/strong><\/p>\t\t\t\t\t\t\t\t<\/div>\n\t\t\t\t<\/div>\n\t\t\t\t<div class=\"elementor-element elementor-element-9c9ec38 elementor-widget elementor-widget-text-editor\" data-id=\"9c9ec38\" data-element_type=\"widget\" data-widget_type=\"text-editor.default\">\n\t\t\t\t<div class=\"elementor-widget-container\">\n\t\t\t\t\t\t\t\t\t<p><strong>57 000,00 \u20ac<\/strong><\/p>\t\t\t\t\t\t\t\t<\/div>\n\t\t\t\t<\/div>\n\t\t\t\t\t<\/div>\n\t\t\t\t<\/div>\n\t\t\t\t<\/div>\n\t\t","protected":false},"excerpt":{"rendered":"<p>Projets 2022 Pour en savoir plus sur les projets soutenus par DH en 2022, veuillez consultez notre brochure 2022. Projets Phares 2022 : Pays B\u00e9n\u00e9ficiaires : Part DH : ANKAA Gr\u00e8ce 10 000,00 \u20ac ECPAT N\u00e9pal 5 000,00 \u20ac PADEM S\u00e9n\u00e9gal 5 000,00 \u20ac Aide \u00e0 l\u2019enfance de l\u2019Inde et N\u00e9pal Inde 6 000,00 \u20ac [&hellip;]<\/p>\n","protected":false},"author":2,"featured_media":0,"parent":0,"menu_order":0,"comment_status":"closed","ping_status":"closed","template":"","meta":{"footnotes":""},"class_list":["post-3601","page","type-page","status-publish","hentry"],"blocksy_meta":[],"_links":{"self":[{"href":"https:\/\/diddelenghelleft.lu\/index.php\/wp-json\/wp\/v2\/pages\/3601","targetHints":{"allow":["GET"]}}],"collection":[{"href":"https:\/\/diddelenghelleft.lu\/index.php\/wp-json\/wp\/v2\/pages"}],"about":[{"href":"https:\/\/diddelenghelleft.lu\/index.php\/wp-json\/wp\/v2\/types\/page"}],"author":[{"embeddable":true,"href":"https:\/\/diddelenghelleft.lu\/index.php\/wp-json\/wp\/v2\/users\/2"}],"replies":[{"embeddable":true,"href":"https:\/\/diddelenghelleft.lu\/index.php\/wp-json\/wp\/v2\/comments?post=3601"}],"version-history":[{"count":10,"href":"https:\/\/diddelenghelleft.lu\/index.php\/wp-json\/wp\/v2\/pages\/3601\/revisions"}],"predecessor-version":[{"id":3670,"href":"https:\/\/diddelenghelleft.lu\/index.php\/wp-json\/wp\/v2\/pages\/3601\/revisions\/3670"}],"wp:attachment":[{"href":"https:\/\/diddelenghelleft.lu\/index.php\/wp-json\/wp\/v2\/media?parent=3601"}],"curies":[{"name":"wp","href":"https:\/\/api.w.org\/{rel}","templated":true}]}}